{"id":144,"date":"2023-11-07T01:01:27","date_gmt":"2023-11-07T01:01:27","guid":{"rendered":"https:\/\/gpecom.org\/2024\/?page_id=144"},"modified":"2025-12-11T20:15:19","modified_gmt":"2025-12-11T20:15:19","slug":"awards","status":"publish","type":"page","link":"https:\/\/gpecom.org\/2024\/awards\/","title":{"rendered":"Awards"},"content":{"rendered":"\t\t<div data-elementor-type=\"wp-page\" data-elementor-id=\"144\" class=\"elementor elementor-144\">\n\t\t\t\t<div class=\"elementor-element elementor-element-6d6b9e6 e-flex e-con-boxed e-con e-parent\" data-id=\"6d6b9e6\" data-element_type=\"container\" data-e-type=\"container\">\n\t\t\t\t\t<div class=\"e-con-inner\">\n\t\t\t\t<div class=\"elementor-element elementor-element-ead41b8 elementor-widget elementor-widget-heading\" data-id=\"ead41b8\" data-element_type=\"widget\" data-e-type=\"widget\" data-widget_type=\"heading.default\">\n\t\t\t\t<div class=\"elementor-widget-container\">\n\t\t\t\t\t<h2 class=\"elementor-heading-title elementor-size-default\">Annual GPECOM Awards<\/h2>\t\t\t\t<\/div>\n\t\t\t\t<\/div>\n\t\t\t\t\t<\/div>\n\t\t\t\t<\/div>\n\t\t<div class=\"elementor-element elementor-element-4a12e74 e-flex e-con-boxed e-con e-parent\" data-id=\"4a12e74\" data-element_type=\"container\" data-e-type=\"container\">\n\t\t\t\t\t<div class=\"e-con-inner\">\n\t\t\t\t<div class=\"elementor-element elementor-element-42e80c4 elementor-widget__width-initial elementor-widget elementor-widget-text-editor\" data-id=\"42e80c4\" data-element_type=\"widget\" data-e-type=\"widget\" data-widget_type=\"text-editor.default\">\n\t\t\t\t<div class=\"elementor-widget-container\">\n\t\t\t\t\t\t\t\t\t<h4><strong><span style=\"color: #00827f;\">Dr. Muhammad Harunur Rashid Best Paper Grants<\/span><\/strong><\/h4><p>Professor Muhammad H. Rashid is generously supporting the GPECOM2024 conference by providing best paper grants aimed at fostering enthusiasm among young professionals and students. There will be a total of four grants, each valued at 250 USD for professional researchers holding a Ph.D. degree and specifically designated for students.<\/p><p><span style=\"font-family: 'Roboto Slab', sans-serif; font-size: 14px; font-style: normal; font-weight: 400;\">The grants will be awarded to professionals and postgraduate students who attend the conference and present a paper. The subcommittee will be responsible for receiving submissions, evaluating them, and managing the award distribution process. <\/span><span style=\"font-family: 'Roboto Slab', sans-serif; font-size: 14px; font-style: normal; font-weight: 400;\"><br \/><\/span><\/p><h4><span style=\"color: #00827f;\"><strong>Best Paper Awards<\/strong><\/span><\/h4><div><span style=\"font-family: 'Roboto Slab', sans-serif; font-size: 14px; font-style: normal; font-weight: 400;\">In addition to\u00a0<\/span><strong style=\"font-family: 'Roboto Slab', sans-serif; font-size: 14px; font-style: normal;\">Dr. Muhammad Harunur Rashid Best Paper Grants<\/strong><span style=\"font-family: 'Roboto Slab', sans-serif; font-size: 14px; font-style: normal; font-weight: 400;\">, Outstanding Paper, and Best Presentation Awards will be presented to authors of selected and referred by GPECOM 2024 Program Committee. <\/span><span style=\"font-size: 14px;\">A potential paper should be presented at the conference in order to be nominated for any type of awards.\u00a0<\/span><br \/><span style=\"font-size: 14px;\"><br \/><\/span><\/div><div><span style=\"font-size: 14px;\">GPECOM 2024 Awards will be presented in categories of<\/span><\/div><p>&#8211; GPECOM2024 Best Student Paper Award<br \/>&#8211; GPECOM2024 Outstanding Paper Award<br \/>&#8211; GPECOM2024 Best Presentation Award<\/p>\t\t\t\t\t\t\t\t<\/div>\n\t\t\t\t<\/div>\n\t\t\t\t<div class=\"elementor-element elementor-element-dc85729 elementor-position-inline-start elementor-view-default elementor-mobile-position-block-start elementor-widget elementor-widget-icon-box\" data-id=\"dc85729\" data-element_type=\"widget\" data-e-type=\"widget\" data-widget_type=\"icon-box.default\">\n\t\t\t\t<div class=\"elementor-widget-container\">\n\t\t\t\t\t\t\t<div class=\"elementor-icon-box-wrapper\">\n\n\t\t\t\t\t\t<div class=\"elementor-icon-box-icon\">\n\t\t\t\t<span  class=\"elementor-icon\">\n\t\t\t\t<i aria-hidden=\"true\" class=\"far fa-newspaper\"><\/i>\t\t\t\t<\/span>\n\t\t\t<\/div>\n\t\t\t\n\t\t\t\t\t\t<div class=\"elementor-icon-box-content\">\n\n\t\t\t\t\t\t\t\t\t<h2 class=\"elementor-icon-box-title\">\n\t\t\t\t\t\t<span  >\n\t\t\t\t\t\t\tBest Paper Awards Presented at IEEE GPECOM2024\t\t\t\t\t\t<\/span>\n\t\t\t\t\t<\/h2>\n\t\t\t\t\n\t\t\t\t\n\t\t\t<\/div>\n\t\t\t\n\t\t<\/div>\n\t\t\t\t\t\t<\/div>\n\t\t\t\t<\/div>\n\t\t\t\t<div class=\"elementor-element elementor-element-d2b8678 elementor-widget elementor-widget-text-editor\" data-id=\"d2b8678\" data-element_type=\"widget\" data-e-type=\"widget\" data-settings=\"{&quot;_animation&quot;:&quot;none&quot;}\" data-widget_type=\"text-editor.default\">\n\t\t\t\t<div class=\"elementor-widget-container\">\n\t\t\t\t\t\t\t\t\t<p>At IEEE GPECOM2024, exceptional research papers have been celebrated across three specialized domains: Power Electronics and Electrical Machines, Power Systems, and Communication Technologies,\u00a0recognizing both the Outstanding Paper and Best Student Paper in each category.<\/p>\n<p>Additionally, the conference presents Dr. Muhammad H. Rashid awards to four papers. We appreciate Dr. Rashid&#8217;s generous support of the GPECOM Conference and his contributions to society.<\/p>\n<p>Congratulations to all award winners!<\/p>\n<p><span style=\"color: #50575e; font-family: -apple-system, BlinkMacSystemFont, 'Segoe UI', Roboto, Oxygen-Sans, Ubuntu, Cantarell, 'Helvetica Neue', sans-serif; font-size: 13px; font-style: normal; font-weight: 400; text-align: start;\">\n\t\t<!-- MasterSlider -->\n\t\t<div id=\"P_MS69d4dbbe4a222\" class=\"master-slider-parent msl ms-parent-id-3\" style=\"max-width:700px;\">\n\n\t\t\t\n\t\t\t<!-- MasterSlider Main -->\n\t\t\t<div id=\"MS69d4dbbe4a222\" class=\"master-slider ms-skin-default\" >\n\t\t\t\t \t\t\t\t \n\t\t\t\t<div  class=\"ms-slide\" data-delay=\"3\" data-fill-mode=\"fit\"  >\n\t\t\t\t\t<img decoding=\"async\" src=\"https:\/\/gpecom.org\/2024\/wp-content\/plugins\/master-slider\/public\/assets\/css\/blank.gif\" alt=\"\" title=\"\" data-src=\"https:\/\/gpecom.org\/2024\/wp-content\/uploads\/sites\/9\/2024\/07\/Best-Student_2024_PowerElectronics-scaled.jpg\" \/>\n\n\n\t<div class=\"ms-thumb\" ><div class=\"ms-tab-context\"><div class=\"&quot;ms-tab-context&quot;\"><\/div><\/div>\n<\/div>\n\t\t\t\t<\/div>\n\t\t\t\t<div  class=\"ms-slide\" data-delay=\"3\" data-fill-mode=\"fit\"  >\n\t\t\t\t\t<img decoding=\"async\" src=\"https:\/\/gpecom.org\/2024\/wp-content\/plugins\/master-slider\/public\/assets\/css\/blank.gif\" alt=\"\" title=\"\" data-src=\"https:\/\/gpecom.org\/2024\/wp-content\/uploads\/sites\/9\/2024\/07\/Outstanding_2024_PowerElectronics-scaled.jpg\" \/>\n\n\n\t<div class=\"ms-thumb\" ><div class=\"ms-tab-context\"><div class=\"&quot;ms-tab-context&quot;\"><\/div><\/div>\n<\/div>\n\t\t\t\t<\/div>\n\t\t\t\t<div  class=\"ms-slide\" data-delay=\"3\" data-fill-mode=\"fit\"  >\n\t\t\t\t\t<img decoding=\"async\" src=\"https:\/\/gpecom.org\/2024\/wp-content\/plugins\/master-slider\/public\/assets\/css\/blank.gif\" alt=\"\" title=\"\" data-src=\"https:\/\/gpecom.org\/2024\/wp-content\/uploads\/sites\/9\/2024\/07\/Outstanding_2024_PowerSystems-scaled.jpg\" \/>\n\n\n\t<div class=\"ms-thumb\" ><div class=\"ms-tab-context\"><div class=\"&quot;ms-tab-context&quot;\"><\/div><\/div>\n<\/div>\n\t\t\t\t<\/div>\n\t\t\t\t<div  class=\"ms-slide\" data-delay=\"3\" data-fill-mode=\"fit\"  >\n\t\t\t\t\t<img decoding=\"async\" src=\"https:\/\/gpecom.org\/2024\/wp-content\/plugins\/master-slider\/public\/assets\/css\/blank.gif\" alt=\"\" title=\"\" data-src=\"https:\/\/gpecom.org\/2024\/wp-content\/uploads\/sites\/9\/2024\/07\/Best-Student_2024_PowerSystem-scaled.jpg\" \/>\n\n\n\t<div class=\"ms-thumb\" ><div class=\"ms-tab-context\"><div class=\"&quot;ms-tab-context&quot;\"><\/div><\/div>\n<\/div>\n\t\t\t\t<\/div>\n\t\t\t\t<div  class=\"ms-slide\" data-delay=\"3\" data-fill-mode=\"fit\"  >\n\t\t\t\t\t<img decoding=\"async\" src=\"https:\/\/gpecom.org\/2024\/wp-content\/plugins\/master-slider\/public\/assets\/css\/blank.gif\" alt=\"\" title=\"\" data-src=\"https:\/\/gpecom.org\/2024\/wp-content\/uploads\/sites\/9\/2024\/07\/Best-Student_2024_Communication-scaled.jpg\" \/>\n\n\n\t<div class=\"ms-thumb\" ><div class=\"ms-tab-context\"><div class=\"&quot;ms-tab-context&quot;\"><\/div><\/div>\n<\/div>\n\t\t\t\t<\/div>\n\t\t\t\t<div  class=\"ms-slide\" data-delay=\"3\" data-fill-mode=\"fit\"  >\n\t\t\t\t\t<img decoding=\"async\" src=\"https:\/\/gpecom.org\/2024\/wp-content\/plugins\/master-slider\/public\/assets\/css\/blank.gif\" alt=\"\" title=\"\" data-src=\"https:\/\/gpecom.org\/2024\/wp-content\/uploads\/sites\/9\/2024\/07\/ONLINE_Outstanding_2024_CommunicationTechnology-scaled.jpg\" \/>\n\n\n\t<div class=\"ms-thumb\" ><div class=\"ms-tab-context\"><div class=\"&quot;ms-tab-context&quot;\"><\/div><\/div>\n<\/div>\n\t\t\t\t<\/div>\n\t\t\t\t<div  class=\"ms-slide\" data-delay=\"3\" data-fill-mode=\"fit\"  >\n\t\t\t\t\t<img decoding=\"async\" src=\"https:\/\/gpecom.org\/2024\/wp-content\/plugins\/master-slider\/public\/assets\/css\/blank.gif\" alt=\"\" title=\"\" data-src=\"https:\/\/gpecom.org\/2024\/wp-content\/uploads\/sites\/9\/2024\/07\/ONLINE_M.-Rashid-Best-Student-Paper_2024_4-scaled.jpg\" \/>\n\n\n\t<div class=\"ms-thumb\" ><div class=\"ms-tab-context\"><div class=\"&quot;ms-tab-context&quot;\"><\/div><\/div>\n<\/div>\n\t\t\t\t<\/div>\n\t\t\t\t<div  class=\"ms-slide\" data-delay=\"3\" data-fill-mode=\"fit\"  >\n\t\t\t\t\t<img decoding=\"async\" src=\"https:\/\/gpecom.org\/2024\/wp-content\/plugins\/master-slider\/public\/assets\/css\/blank.gif\" alt=\"\" title=\"\" data-src=\"https:\/\/gpecom.org\/2024\/wp-content\/uploads\/sites\/9\/2024\/07\/M.-Rashid-Best-Student-Paper_2024_3-scaled.jpg\" \/>\n\n\n\t<div class=\"ms-thumb\" ><div class=\"ms-tab-context\"><div class=\"&quot;ms-tab-context&quot;\"><\/div><\/div>\n<\/div>\n\t\t\t\t<\/div>\n\t\t\t\t<div  class=\"ms-slide\" data-delay=\"3\" data-fill-mode=\"fit\"  >\n\t\t\t\t\t<img decoding=\"async\" src=\"https:\/\/gpecom.org\/2024\/wp-content\/plugins\/master-slider\/public\/assets\/css\/blank.gif\" alt=\"\" title=\"\" data-src=\"https:\/\/gpecom.org\/2024\/wp-content\/uploads\/sites\/9\/2024\/07\/M.-Rashid-Best-Paper_2024_ID195-scaled.jpg\" \/>\n\n\n\t<div class=\"ms-thumb\" ><div class=\"ms-tab-context\"><div class=\"&quot;ms-tab-context&quot;\"><\/div><\/div>\n<\/div>\n\t\t\t\t<\/div>\n\t\t\t\t<div  class=\"ms-slide\" data-delay=\"3\" data-fill-mode=\"fit\"  >\n\t\t\t\t\t<img decoding=\"async\" src=\"https:\/\/gpecom.org\/2024\/wp-content\/plugins\/master-slider\/public\/assets\/css\/blank.gif\" alt=\"\" title=\"\" data-src=\"https:\/\/gpecom.org\/2024\/wp-content\/uploads\/sites\/9\/2024\/07\/M.-Rashid-Best-Paper_2024_1-scaled.jpg\" \/>\n\n\n\t<div class=\"ms-thumb\" ><div class=\"ms-tab-context\"><div class=\"&quot;ms-tab-context&quot;\"><\/div><\/div>\n<\/div>\n\t\t\t\t<\/div>\n\n\t\t\t<\/div>\n\t\t\t<!-- END MasterSlider Main -->\n\n\t\t\t \n\t\t<\/div>\n\t\t<!-- END MasterSlider -->\n\n\t\t<script>\n\t\t(function ( $ ) {\n\t\t\t\"use strict\";\n\n\t\t\t$(function () {\n\t\t\t\tvar masterslider_a222 = new MasterSlider();\n\n\t\t\t\t\/\/ slider controls\n\t\t\t\tmasterslider_a222.control('arrows'     ,{ autohide:true, overVideo:true  });\n\t\t\t\t\/\/ slider setup\n\t\t\t\tmasterslider_a222.setup(\"MS69d4dbbe4a222\", {\n\t\t\t\t\t\twidth           : 700,\n\t\t\t\t\t\theight          : 500,\n\t\t\t\t\t\tminHeight       : 0,\n\t\t\t\t\t\tspace           : 0,\n\t\t\t\t\t\tstart           : 1,\n\t\t\t\t\t\tgrabCursor      : true,\n\t\t\t\t\t\tswipe           : true,\n\t\t\t\t\t\tmouse           : true,\n\t\t\t\t\t\tlayout          : \"boxed\",\n\t\t\t\t\t\twheel           : false,\n\t\t\t\t\t\tautoplay        : true,\n\t\t\t\t\t\tinstantStartLayers:false,\n\t\t\t\t\t\tloop            : true,\n\t\t\t\t\t\tshuffle         : false,\n\t\t\t\t\t\tpreload         : 0,\n\t\t\t\t\t\theightLimit     : true,\n\t\t\t\t\t\tautoHeight      : false,\n\t\t\t\t\t\tsmoothHeight    : true,\n\t\t\t\t\t\tendPause        : false,\n\t\t\t\t\t\toverPause       : true,\n\t\t\t\t\t\tfillMode        : \"fill\",\n\t\t\t\t\t\tcenterControls  : true,\n\t\t\t\t\t\tstartOnAppear   : false,\n\t\t\t\t\t\tlayersMode      : \"center\",\n\t\t\t\t\t\thideLayers      : false,\n\t\t\t\t\t\tfullscreenMargin: 0,\n\t\t\t\t\t\tspeed           : 10,\n\t\t\t\t\t\tdir             : \"h\",\n\t\t\t\t\t\tparallaxMode    : 'swipe',\n\t\t\t\t\t\tview            : \"basic\"\n\t\t\t\t});\n\n\t\t\t\t\n\t\t\t\twindow.masterslider_instances = window.masterslider_instances || [];\n\t\t\t\twindow.masterslider_instances.push( masterslider_a222 );\n\t\t\t });\n\n\t\t})(jQuery);\n\t\t<\/script>\n\n<\/span><\/p>\n<p><strong style=\"font-size: 14px;\">Power Electronics and Electric Machines<\/strong><\/p>\n<ul>\n<li>ID 110 Design and Component Selection of Three-Phase T-type Power Factor Correction (PFC) rectifier, <i><i>Reza Asrar Ghaderloo\u00a0<\/i>(University of Maryland, USA), Yidi Shen (University of Maryland), Ayodhya Somiruwan Gamwari (University of Maryland), Chanaka M Singhabahu (University of Maryland ), Alireza Khaligh (University of Maryland)\u00a0<\/i>(<strong style=\"font-size: 14px;\">Best Student Paper in Power Electronics<\/strong><span style=\"font-size: 14px;\">)<\/span><\/li>\n<li>ID 111: Control Strategy for Torque Ripple Reduction in Brushless DC Motors with 180-Degree Commutation; <i>Ziliang Feng (University of British Columbia, Canada), Rahul Raman Ramesh (University of British Columbia), Seyyedmilad Ebrahimi (University of British Columbia), Juri Jatskevich (University of British Columbi<\/i>a) (<strong>Outstanding Paper in Power Electronics<\/strong>)<\/li>\n<\/ul>\n<p><strong>Power Systems<\/strong><\/p>\n<ul>\n<li>ID 101: Modeling Zero-Dynamics Attacks on Wind Turbines Through Laplace and Z-Domain Representations; <i>Tam\u00e1s Haba (Budapest University of Technology and Economics); Csaba Budai (Budapest University of Technology and Economics)<\/i> (<strong><strong style=\"font-family: 'Roboto Slab', sans-serif; font-size: 14px; font-style: normal;\">Outstanding P<\/strong>aper in Power Systems<\/strong>)<\/li>\n<li>ID 280: Resilience Oriented Distributed Secondary Control for Networked Microgrids: A Case Study From Indonesia; <i>Amir Basati (Aalborg University, Denmark), Najmeh Bazmohammadi (Aalborg University), Yajuan Guan (Aalborg University), Juan C. Vasquez (Aalborg University), Josep M. Guerrero (Aalborg Universit<\/i>y) (<strong>Best Student Paper in Power Systems<\/strong>)<\/li>\n<\/ul>\n<p><strong>Communication Technologies<\/strong><\/p>\n<ul>\n<li>ID 46: Implementation of SCADA for IEC 61850 Communication in the IEEE 14-Bus System; <i>Flavio Quizhpi (Universidad Polit\u00e9cnica Salesiana), Antony Jacome (Universidad Polit\u00e9cnica Salesiana), Mateo M Quizhpi (Universidad Polit\u00e9cnica Salesiana)<\/i> (<strong>Best Student Paper in Communication Technologies<\/strong>)<\/li>\n<li>ID 265: Analysis and Optimization of Cooperative Jammer for Spatial Electromagnetic Spectrum Holes; <i>Dongyang Wang (Beijing Institute of Astronautical Systems Engineering, China), Zhaoxi Lin (University of Electronic Science and Technology of China), Xiaozhe Jia (China Academy of Launch Vehicle Technology), Mingwei Zhang (Beijing Institute of Astronautical Systems Engineering, China) <\/i>(<strong><strong style=\"font-family: 'Roboto Slab', sans-serif; font-size: 14px; font-style: normal;\">Outstanding\u00a0<\/strong>Paper in Communication Technologies<\/strong>)<\/li>\n<\/ul>\n<p><strong>Muhammad H Rashid Awards:<\/strong><\/p>\n<ul>\n<li>ID 89: MIMO-NOMA-DAE: A Deep Learning based Downlink MIMO-NOMA Scheme for Low-Power Applications with Imperfect CSI; <i>Muhammad Usman Ejaz (Queen Mary University of London); Tayyaba Irum (Queen Mary University of London); Shingirai Amoni Simba (Queen Mary University of London)<\/i> (<strong>M Rashid Best Student Paper in Communication Technologies<\/strong>)<\/li>\n<li>ID 131 Stability of a Distributed Controller for Optimal Current Sharing and Voltage Containment in DC Microgrids, <i>Cornelia Skaga, Babak Abdolmaleki, and Gilbert Bergna-Diaz<\/i> (<strong>M Rashid Best Student Paper in Power Systems<\/strong>)<\/li>\n<li>ID 195: Stability Analysis of DFIG with Virtual-Admittance-Based Grid-Forming Control under Different Grid Strenghts; <i>Emanuele Fedele (University of Naples Federico II, Italy), Nicola Campagna (University of Palermo, Italy), Giuseppe Bossi (University of Cagliari, Italy), Renato Rizzo (University of Naples Federico II), Rosario Miceli (University of Palermo), Alfonso Damiano (University of Cagliari) (<strong>M Rashid Best Paper)<\/strong><\/i><\/li>\n<li><span style=\"font-size: 14px;\">ID 208: Distributed Secondary Control for Accurate Reactive and Harmonic Power Sharing among VSIs with Integrated Grid-Forming and Grid-Following Capabilities; <i>Iman Lorzadeh (Ghent University, Belgium), Omid Lorzadeh (Power Electronics and Control R&amp;D Team, USA), Luc Dupr\u00e9 (Ghent University), Lieven Vandevelde (Ghent University) (<\/i><\/span><i><strong style=\"font-size: 14px;\">M Rashid Best Paper<\/strong><span style=\"font-size: 14px;\">)<\/span><\/i><\/li>\n<\/ul>\t\t\t\t\t\t\t\t<\/div>\n\t\t\t\t<\/div>\n\t\t\t\t\t<\/div>\n\t\t\t\t<\/div>\n\t\t\t\t<\/div>\n\t\t","protected":false},"excerpt":{"rendered":"<p>Annual GPECOM Awards Dr. Muhammad Harunur Rashid Best Paper Grants Professor Muhammad H. Rashid is generously supporting the GPECOM2024 conference by providing best paper grants aimed at fostering enthusiasm among young professionals and students. There will be a total of four grants, each valued at 250 USD for professional researchers holding a Ph.D. degree and<\/p>\n<p class=\"more-link\"><a href=\"https:\/\/gpecom.org\/2024\/awards\/\" class=\"themebutton\">Read More<\/a><\/p>\n","protected":false},"author":1,"featured_media":0,"parent":0,"menu_order":0,"comment_status":"closed","ping_status":"closed","template":"","meta":{"footnotes":""},"class_list":["post-144","page","type-page","status-publish","hentry"],"_links":{"self":[{"href":"https:\/\/gpecom.org\/2024\/wp-json\/wp\/v2\/pages\/144","targetHints":{"allow":["GET"]}}],"collection":[{"href":"https:\/\/gpecom.org\/2024\/wp-json\/wp\/v2\/pages"}],"about":[{"href":"https:\/\/gpecom.org\/2024\/wp-json\/wp\/v2\/types\/page"}],"author":[{"embeddable":true,"href":"https:\/\/gpecom.org\/2024\/wp-json\/wp\/v2\/users\/1"}],"replies":[{"embeddable":true,"href":"https:\/\/gpecom.org\/2024\/wp-json\/wp\/v2\/comments?post=144"}],"version-history":[{"count":16,"href":"https:\/\/gpecom.org\/2024\/wp-json\/wp\/v2\/pages\/144\/revisions"}],"predecessor-version":[{"id":926,"href":"https:\/\/gpecom.org\/2024\/wp-json\/wp\/v2\/pages\/144\/revisions\/926"}],"wp:attachment":[{"href":"https:\/\/gpecom.org\/2024\/wp-json\/wp\/v2\/media?parent=144"}],"curies":[{"name":"wp","href":"https:\/\/api.w.org\/{rel}","templated":true}]}}